
151
Let j(g) be the first derivative of g**3/3 + g**2/2 + g - 9. Let k be j(-2). What are the prime factors of 130/3 + (-1)/k?
43
Suppose 2*x - 12 = -256. Let m = 180 + x. What are the prime factors of m?
2, 29
Suppose -u = 3*c - 1119, -3*u - 14*c + 17*c + 3321 = 0. What are the prime factors of u?
2, 3, 5, 37
What are the prime factors of (7 + 5402)/9 + (-6 - -1)?
2, 149
Let m(i) = 2*i**3 - 13*i**2 - 4*i + 1. What are the prime factors of m(7)?
2, 11
List the prime factors of (-3)/(-6)*(2428 + 88/(-11)).
2, 5, 11
Let l(s) = 3*s - 4. Let k(r) = 18*r - 24. Let b(y) = -6*k(y) + 39*l(y). List the prime factors of b(10).
2, 3, 13
Suppose 3*i - 42*i + 41574 = 0. What are the prime factors of i?
2, 13, 41
Suppose -11*g = 131 - 450. Let m = 3 + g. List the prime factors of m.
2
Let z be (-1 + -17)*4/6. Let q = z - -35. What are the prime factors of q?
23
Let m = 134 - 70. Let v be (-3)/((-3)/m) + 2. Suppose 5*j = v + 59. List the prime factors of j.
5
Let g(i) = 297*i + 15. What are the prime factors of g(8)?
3, 797
Let x(m) = 559*m**3 - 2*m**2 + 4*m - 2. What are the prime factors of x(1)?
13, 43
What are the prime factors of (-10987)/(-4) - 9/(-36)?
41, 67
Suppose -7*i + 1533 = -931. What are the prime factors of i?
2, 11
Let b(h) = h**2 + 8*h - 9. Let z be b(-9). Suppose z = 5*y - 13 - 7. Suppose 4*f = y*o - o - 159, -15 = -5*f. What are the prime factors of o?
3, 19
Let y = -2071 - -5637. What are the prime factors of y?
2, 1783
Let f(v) = v + 5. Let j be f(3). Let w = j - 8. Suppose w = t - 13 - 1. What are the prime factors of t?
2, 7
Suppose -4*s + 45 = s + 4*u, 9 = s + 2*u. Let v(t) = t**3 - 3*t + s*t - 2*t**2 + 2*t - 6*t**2. What are the prime factors of v(7)?
7
Let i(q) = q + 1. Let n(s) = s + 55. Let b be n(0). Suppose -2*a + 1 = 5*o, -2*a - 3*a + 5*o + b = 0. What are the prime factors of i(a)?
3
Let o = 680 + -294. List the prime factors of o.
2, 193
Let c(y) = y**3 - 4*y**2 + 3*y - 7. Let b be c(5). Let l = b - -10. What are the prime factors of l?
43
Let t = 198 - 156. What are the prime factors of t?
2, 3, 7
Let y(z) = -51*z - 1. Suppose -19*n + 22*n = -3. List the prime factors of y(n).
2, 5
Let x(i) = i**3 + 6*i**2 - 4*i + 3. Let m(t) = -7*t**2 - t. Let w be m(-1). List the prime factors of x(w).
3
Let n(b) = 7*b**2 - 27. Let y(z) = 6*z**2 + z - 26. Let a(h) = -5*n(h) + 6*y(h). List the prime factors of a(-9).
2, 3
Let i(h) = h. Let g(z) = -z**3 - 28*z**2 + 26*z - 49. Let j(w) = -g(w) - 3*i(w). List the prime factors of j(-29).
7
Suppose 5*p = 5*a + 25485, -5*p + 2*a = -5144 - 20335. What are the prime factors of p?
5, 1019
Let u(c) = 14*c**2 + 11*c + 10. What are the prime factors of u(-1)?
13
Suppose 1391 = -18*m - 2101. Let l = -47 - m. What are the prime factors of l?
3, 7
Let q(o) = 41*o**2 - 28*o + 228. List the prime factors of q(8).
2, 3, 73
Let q = 10 - -1730. List the prime factors of q.
2, 3, 5, 29
Let w(v) = 3*v**2 - v + 102. What are the prime factors of w(9)?
2, 3, 7
Suppose 436*u = 447*u - 8140. What are the prime factors of u?
2, 5, 37
Let z(p) = -65*p**3 + p. Let m be z(1). Let o(q) = -90*q - 6. Let s be o(1). Let l = m - s. What are the prime factors of l?
2
Suppose 3*q = 2*g + 122, 4*q + 4*g - 78 - 58 = 0. Suppose 5*s - 692 = q. List the prime factors of s.
2, 73
Suppose -22110 = -15*y + 24090. What are the prime factors of y?
2, 5, 7, 11
Suppose -1126 = 3*r - n, -2*n = 3*r + 3*n + 1102. Let c = r - -571. What are the prime factors of c?
197
List the prime factors of 1028/10 + (-18)/(-15).
2, 13
What are the prime factors of 70/25 + -4 - 106884/(-45)?
2, 1187
Let l be 18/12*8/12. Suppose -5*d + 207 = 3*f, -313 - l = -5*f + 2*d. List the prime factors of f.
2
What are the prime factors of (16492 + 2/1)*28/168?
2749
Let k(j) = -6*j - 10. Let h be k(-7). Suppose -8*r = -11*r. Let q = h + r. List the prime factors of q.
2
Suppose 3*j + r + 37 = 6*r, 2*j - 4*r + 22 = 0. Let g = -59 + 14. Let x = j - g. List the prime factors of x.
2, 13
Let i = -80 - -314. Suppose 94 + i = 8*p. What are the prime factors of p + (20/(-5) - -1)?
2, 19
Let m = -48 - -89. Let t = 48 - m. What are the prime factors of t?
7
Suppose -4*h + 17364 = 4*q, -4*q + 17352 = -5*h + 3*h. What are the prime factors of q?
4339
Let j = -28 - -31. Suppose j*n - 26 = -4*f - 0, -4*f = n - 22. List the prime factors of n.
2
Let f = 13 + -11. Suppose -f*q - q = 0. Suppose 5*c - 76 + 19 = -4*i, q = 4*i + 3*c - 63. What are the prime factors of i?
2, 3
Let c be ((-158)/4 - 3)*2. Let b be (-2)/(-1) + (3 - c). Suppose 5*t + 0*t = 3*y + b, 2*t - 47 = -y. What are the prime factors of t?
3, 7
What are the prime factors of -11 + 6 - (-418 + 7)?
2, 7, 29
Let t(q) = -q + 2. Let f be t(3). Let p(b) = -9*b**2 - b - 1. Let m be p(f). Let d(u) = -u**3 - 9*u**2 - 3*u - 2. What are the prime factors of d(m)?
5
Suppose 0*y = 2*y + 12. Let w = y - -42. What are the prime factors of w?
2, 3
Let n(t) = 5*t**2 + 11*t + 13. List the prime factors of n(-11).
7, 71
List the prime factors of 6206/8 + 10/8.
3, 7, 37
Let f = -8 - -9. Suppose o - f = -12. List the prime factors of (-211)/o - 8/44.
19
Suppose -i - 2*s - 2*s + 43 = 0, -5*s - 21 = -2*i. What are the prime factors of i?
23
Let h be (-1)/(4/4)*-217. Suppose -h = -2*z + 5*j, 5*j + 24 - 312 = -3*z. What are the prime factors of z?
101
Suppose -5*k = -k - 72. Suppose k + 14 = -3*p - j, 2*p - 3*j = -25. Let m = p - -39. What are the prime factors of m?
2, 7
Let v(r) = -r**2 - 7*r + 8. Let n be v(-8). List the prime factors of 3/(6/92) - n.
2, 23
Let o = -14 - -14. List the prime factors of 1*(-1 + 59) - o.
2, 29
What are the prime factors of (-8)/72 + ((-6806)/(-18))/1?
2, 3, 7
Let v be (18/12)/(1/(-14)). Let g = 66 - v. What are the prime factors of g?
3, 29
Let b = 71 + -13. What are the prime factors of (b - 7)*(2 - 1)?
3, 17
Let w(a) = a**3 - 6*a**2 - 9*a - 8 - 3*a**2 + 2*a**2 + 17*a. Let s be w(6). Suppose 72 = -0*z + s*z. List the prime factors of z.
2, 3
Let w(a) = -11*a**3 + 15*a**2 + 12*a - 4. What are the prime factors of w(-6)?
2, 5, 71
Let z = -115 - -217. List the prime factors of z.
2, 3, 17
Suppose -2*y + 2*f - 72 = -6*y, 5*y + 3*f - 92 = 0. Let d be 10/4*y/10. Suppose -4*s = -2*x + x - 64, 2*x - 76 = -d*s. What are the prime factors of s?
17
What are the prime factors of (166/415)/(1/1330)?
2, 7, 19
Let v(j) = j**2 + 5. Let w(b) = b**2 + 4. Let g(m) = 7*v(m) - 6*w(m). Let i be g(0). Let y(x) = -x**2 + 12*x - 6. List the prime factors of y(i).
5
Let j(p) = p**3 + 6*p**2 - 5*p + 7. Suppose 203 = 5*k + 23. Let m be (k/(-42))/(2/14). What are the prime factors of j(m)?
37
Suppose 2*j = -v + 567, -4*v + j + 2890 = v. List the prime factors of v.
577
Let f(a) = 165*a - 485. What are the prime factors of f(7)?
2, 5, 67
Let o be (-40)/(-4)*4/8. Suppose 47 - o = -c. What are the prime factors of ((-6)/9)/(2/c)?
2, 7
Let s(y) = 11*y - 4. Let c be s(-5). Let i = c - -165. Suppose i = 5*o - 24. List the prime factors of o.
2, 13
Let b(f) = 7*f**2 - 6*f. Let o be b(6). Suppose -m - 4*p + o = 0, 3*m - 4*p = 5*m - 428. List the prime factors of 6/(-39) + m/26.
2
Suppose -v = 11 + 2. Let w be (-1 + v/2)*-2. Suppose -3*r + w = 3*o, 3*o - 2*r = 2*r + 8. What are the prime factors of o?
2
Let k be (52/12 - 4)*-3*-11. Suppose -k*g + 5*g = -42. List the prime factors of g.
7
Let r = 68 - 60. Suppose -x + 387 = r*x. List the prime factors of x.
43
Suppose 83*i + 6417 = 106*i. List the prime factors of i.
3, 31
Let c = 30 - 21. Let f(n) = -n**2 + 2*n - 2. Let z(x) = -2*x - 1. Let h(y) = f(y) - 4*z(y). What are the prime factors of h(c)?
11
Suppose 262 = 8*v - 7*v. Suppose 0 = -4*w + 3*p + 270, -v = -4*w - 3*p + 2*p. What are the prime factors of w?
2, 3, 11
Let j(x) = 31*x**2 + 39*x - 90. What are the prime factors of j(8)?
2, 1103
Suppose 9*i - 150 = 14*i. Let o = 94 + i. What are the prime factors of o?
2
Let m(p) = -9*p + 101. List the prime factors of m(11).
2
List the prime factors of 52/(-12) + 4 - (-3964)/12.
2, 3, 5, 11
Let j = -1331 - -3250. What are the prime factors of j?
19, 101
Suppose -3*w = -8*w + 15. Suppose -4*o - 6*z + 29 = -z, -2 = -o - w*z. What are the prime factors of o?
11
Let c(n) = 6*n + 12. Let x be c(5). Suppose 5*q + q - x = 0. What are the prime factors of q?
7
Suppose 5*q + 11 = 4*i, -i - 2*q + 3 = 